13) to base 2
110111000101100
What is -983 (base 10) in base 16?
-3d7
Convert -b611 (base 12) to base 7.
-111655
Convert 12223 (base 6) to base 4.
130113
What is 553 (base 16) in base 14?
6d5
Convert -726 (base 10) to base 3.
-222220
What is -784b (base 14) in base 11?
-14729
-5145 (base 7) to base 10
-1797
Convert 110101002 (base 3) to base 13.
414b
-430041 (base 5) to base 7
-56654
What is 468 (base 11) in base 7?
1425
-1001111 (base 2) to base 9
-87
-1584 (base 9) to base 5
-14320
-11100001010 (base 2) to base 12
-1062
Convert 3d8 (base 14) to base 2.
1100001010
8abe (base 16) to base 14
cd30
Convert -c084 (base 13) to base 10.
-26472
What is -a3a4 (base 14) in base 8?
-67014
Convert -24714 (base 8) to base 2.
-10100111001100
23030 (base 8) to base 12
5788
Convert 1101101 (base 5) to base 7.
106051
-136 (base 9) to base 4
-1302
Convert 14557 (base 9) to base 7.
40651
What is -15585 (base 10) in base 5?
-444320
-35463 (base 12) to base 3
-10122002010
-6a9 (base 11) to base 13
-500
2131320 (base 4) to base 2
10011101111000
-100101010010 (base 2) to base 14
-c26
-3765 (base 9) to base 13
-1385
What is -602 (base 10) in base 8?
-1132
What is 605 (base 10) in base 3?
211102
428 (base 12) to base 9
745
Convert -3133121 (base 4) to base 2.
-11011111011001
Convert b43 (base 13) to base 16.
77a
What is -366636 (base 7) in base 11?
-46547
Convert 44144 (base 8) to base 7.
105013
Convert 5244 (base 7) to base 14.
95b
Convert 7410 (base 8) to base 3.
12021112
Convert 15b (base 15) to base 16.
137
91a (base 13) to base 14
7c4
-53175 (base 9) to base 12
-18405
Convert 5420 (base 8) to base 14.
1064
-107017 (base 8) to base 7
-211012
What is -3807 (base 14) in base 7?
-40410
Convert 1676 (base 8) to base 9.
1274
a55 (base 16) to base 10
2645
What is -1333 (base 15) in base 16?
-1002
What is -11203020 (base 4) in base 11?
-16092
-5859 (base 10) to base 15
-1b09
What is -a8 (base 11) in base 5?
-433
-6434 (base 8) to base 10
-3356
Convert -101000011 (base 2) to base 7.
-641
20839 (base 10) to base 2
101000101100111
What is 3149 (base 10) in base 16?
c4d
What is 11101111011 (base 2) in base 3?
2121221
Convert -13403 (base 5) to base 10.
-1103
-32304 (base 6) to base 11
-336a
-1044 (base 8) to base 7
-1412
What is -21301 (base 6) in base 10?
-2917
Convert -1020122 (base 3) to base 7.
-2435
4 (base 13) to base 8
4
Convert -20 (base 7) to base 4.
-32
Convert 1933 (base 10) to base 2.
11110001101
What is -12103 (base 4) in base 2?
-110010011
36310 (base 8) to base 2
11110011001000
4530 (base 9) to base 10
3348
Convert -633 (base 7) to base 16.
-13e
Convert -6c1 (base 14) to base 4.
-111001
What is 2112111 (base 3) in base 7?
5251
What is 2138 (base 10) in base 9?
2835
Convert 202201 (base 3) to base 8.
1057
Convert -26668 (base 9) to base 8.
-43174
What is 10432 (base 9) in base 15?
20ae
What is 112413 (base 7) in base 6?
233020
66216 (base 7) to base 9
24656
What is 1018 (base 9) in base 5?
10441
Convert 3c4 (base 16) to base 5.
12324
Convert 2899 (base 10) to base 2.
101101010011
Convert -17aa (base 16) to base 13.
-29b0
What is -51262 (base 9) in base 16?
-83d8
Convert -11932 (base 10) to base 2.
-10111010011100
Convert 14656 (base 7) to base 15.
133d
342330 (base 5) to base 2
10111110110111
31313122 (base 4) to base 11
39741
What is 12206 (base 8) in base 10?
5254
Convert -6d5a (base 15) to base 7.
-124546
What is 196 (base 10) in base 9?
237
What is -1312430 (base 5) in base 9?
-38577
Convert -4231 (base 5) to base 12.
-3b2
What is 542 (base 16) in base 9?
1755
What is -33c (base 16) in base 6?
-3500
What is -2e0 (base 15) in base 11?
-550
What is -4323 (base 8) in base 14?
-b75
Convert -221122100 (base 3) to base 5.
-1044233
What is 812 (base 11) in base 13?
5a6
Convert 3785 (base 9) to base 4.
230033
Convert a42 (base 12) to base 11.
1135
6f (base 16) to base 5
421
Convert -936 (base 16) to base 12.
-1446
-6171 (base 8) to base 10
-3193
What is -15613 (base 7) in base 4?
-1011010
Convert -73031 (base 8) to base 15.
-8e58
Convert 1477 (base 9) to base 4.
101203
Convert 2215 (base 15) to base 6.
53232
Convert -94 (base 11) to base 7.
-205
What is -6b0 (base 12) in base 9?
-1326
11001010110 (base 2) to base 16
656
-31959 (base 10) to base 11
-22014
210201021 (base 3) to base 10
15829
10162 (base 9) to base 2
1101000101010
462 (base 8) to base 14
17c
Convert -201 (base 4) to base 3.
-1020
Convert 28 (base 10) to base 7.
40
Convert -13535 (base 10) to base 2.
-11010011011111
What is 662 (base 14) in base 11?
a48
Convert 8a (base 16) to base 2.
10001010
1110333 (base 4) to base 13
2625
53 (base 15) to base 3
2220
Convert -111011 (base 4) to base 3.
-1211222
Convert 7392 (base 10) to base 7.
30360
25 (base 13) to base 4
133
Convert 100100000101101 (base 2) to base 12.
a839
f1f (base 16) to base 13
19ba
Convert 22301 (base 4) to base 13.
410
What is 31001 (base 5) in base 15?
8d6
What is 1413 (base 5) in base 15?
108
-100011 (base 4) to base 10
-1029
What is -113753 (base 8) in base 5?
-2221031
What is -31 (base 8) in base 13?
-1c
Convert -5178 (base 13) to base 2.
-10101111110101
-101101001001 (base 2) to base 15
-cc9
1223 (base 4) to base 8
153
Convert -43201 (base 5) to base 4.
-231232
996 (base 13) to base 12
b50
Convert -8882 (base 9) to base 6.
-50202
51 (base 14) to base 4
1013
-31ba0 (base 13) to base 10
-89869
What is 2057 (base 11) in base 12?
16b0
22031 (base 4) to base 12
465
3004 (base 6) to base 11
543
-14 (base 12) to base 16
-10
506 (base 11) to base 13
380
What is 12005 (base 12) in base 3?
1020012012
10000000011 (base 2) to base 15
487
Convert -1733 (base 8) to base 7.
-2610
What is 23101 (base 4) in base 13?
436
2595 (base 12) to base 5
114124
-500 (base 14) to base 15
-455
103434 (base 7) to base 14
681b
What is 3404 (base 11) in base 3?
20010222
-2320 (base 5) to base 15
-175
1000122020 (base 3) to base 2
100111010110100
What is 893 (base 13) in base 2?
10111000000
343331 (base 6) to base 10
29287
What is -3200 (base 7) in base 2?
-10001100111
What is -12872 (base 10) in base 14?
-4996
11011011 (base 2) to base 3
22010
Convert -114 (base 8) to base 5.
-301
Convert 2051 (base 6) to base 8.
717
Convert 494 (base 14) to base 16.
392
-cb61 (base 13) to base 9
-42736
-2f9 (base 16) to base 12
-535
What is 1966 (base 11) in base 6?
15312
Convert -1956 (base 10) to base 4.
-132210
Convert 2514 (base 6) to base 8.
1156
Convert -9d1 (base 16) to base 14.
-cb7
363 (base 9) to base 15
150
What is 3177 (base 8) in base 10?
1663
Convert 2089 (base 14) to base 5.
134414
Convert fafc (base 16) to base 13.
23326
-1001111001100 (base 2) to base 11
-3898
What is -1251 (base 15) in base 11?
-2a27
Convert -144 (base 9) to base 11.
-100
Convert 128 (base 13) to base 4.
3023
Convert 341 (base 5) to base 6.
240
What is 10b4 (base 15) in base 16?
dd8
1047 (base 15) to base 16
d72
What is 24055 (base 12) in base 10?
48449
Convert 214403 (base 6) to base 16.
45c3
Convert efd4 (base 16) to base 2.
1110111111010100
-10776 (base 8) to base 15
-1571
What is 111320 (base 5) in base 7?
14355
What is -2413 (base 5) in base 9?
-437
What is 687 (base 16) in base 5?
23141
Convert -4131 (base 10) to base 4.
-1000203
Convert -4173 (base 8) to base 13.
-cb0
Convert -2021102 (base 3) to base 12.
-b62
-10000100 (base 2) to base 11
-110
Convert -945 (base 10) to base 8.
-1661
-3455 (base 6) to base 7
-2261
Convert -211100 (base 3) to base 6.
-2443
13101 (base 4) to base 3
122020
What is 1386 (base 9) in base 16?
41a
What is -2155 (base 11) in base 3?
-10220022
-1361 (base 10) to base 11
-1028
Convert -1455 (base 8) to base 10.
-813
Convert 11011 (base 2) to base 15.
1c
110001000 (base 2) to base 15
1b2
20332 (base 4) to base 15
284
Convert -1962 (base 11) to base 14.
-c9a
Convert -16607 (base 10) to base 11.
-11528
What is 41222 (base 5) in base 7?
10556
Convert 362 (base 7) to base 10.
191
-1121010 (base 4) to base 7
-22422
11000101 (base 2) to base 9
238
Convert -10212211 (base 3) to base 4.
-230032
9981 (base 12) to base 16
4231
Convert 33021300 (base 4) to base 10.
62064
Convert 4954 (base 12) to base 16.
2050
Convert 4456 (base 16) to base 14.
6538
Convert -25663 (base 9) to base 8.
-41636
522 (base 13) to base 11
724
What is -13222 (base 4) in base 15?
-22a
What is -4d6b (